{"id":769,"date":"2015-09-29T16:38:12","date_gmt":"2015-09-29T14:38:12","guid":{"rendered":"https:\/\/www.ing3.at\/?page_id=769"},"modified":"2015-10-09T20:14:07","modified_gmt":"2015-10-09T18:14:07","slug":"reinhard-schwarz","status":"publish","type":"page","link":"https:\/\/www.ing3.at\/?page_id=769","title":{"rendered":"Reinhard Schwarz"},"content":{"rendered":"<div class=\"vc_row wpb_row vc_row-fluid\" ><div class=\"wpb_column vc_column_container vc_col-sm-12\"><div class=\"wpb_wrapper\"><div class=\"vc_row wpb_row vc_inner vc_row-fluid\"><div class=\"wpb_column vc_column_container vc_col-sm-8 wow fadeInLeft\" data-wow-delay=\"0.5s\"><div class=\"wpb_wrapper\"><h2 style=\"font-size: 25px;color: #e24200;text-align: left;font-family:Montserrat;font-weight:700;font-style:normal\" class=\"vc_custom_heading\">Der Analytiker<\/h2>\n\t<div class=\"wpb_text_column wpb_content_element \">\n\t\t<div class=\"wpb_wrapper\">\n\t\t\t<p>Ich bin ausgebildeter Elektrotechnik-Ingenieur und habe sogar den ersten Studienabschnitt der TU Wien absolviert. WU w\u00e4re passender gewesen \u2026 Bald nach meinen ersten beruflichen Erfahrungen bei Commodore \u00d6sterreich (Ja, lang ist\u00b4s her!) im Service &amp; Support habe ich als Controller in den kaufm\u00e4nnischen Bereich gewechselt, u.a. bei Nokia Austria. Es folgte die Selbst\u00e4ndigkeit im Gro\u00dfhandel in der Telekom- &amp; Unterhaltungselektronik, wobei auch dort mein Aufgabengebiet das Finanz- und Rechnungswesen war. Bald zog ich mich in eine Familiengesellschaft zur\u00fcck, wo ich in der Beratung f\u00fcr Rechnungswesen, Controlling und Buchhaltung, der EDV-Programmierung und der strategischen Begleitung von Unternehmen &#8211; vor allem auch im Falle von Gr\u00fcndungen und Sanierungen &#8211; t\u00e4tig bin. Meine Kompetenz sehe ich im analytischen L\u00f6sen von Problemen und Aufgaben sowie der \u00fcbergreifenden Erfahrung in (fast) allen Bereichen der Unternehmensstrukturen.<br \/>\nMeine Motivation liegt in der Weitergabe meines Wissens an Gr\u00fcnder und im Aufbrechen von falsch eingefahrenen Strukturen in bestehenden Unternehmen.<\/p>\n\n\t\t<\/div>\n\t<\/div>\n<\/div><\/div><div class=\"wpb_column vc_column_container vc_col-sm-4 wow fadeInRight\" data-wow-delay=\"1s\"><div class=\"wpb_wrapper\">\n\t<div class=\"wpb_single_image wpb_content_element vc_align_left\">\n\t\t<div class=\"wpb_wrapper\">\n\t\t\t\n\t\t\t<div class=\"vc_single_image-wrapper   vc_box_border_grey\"><img loading=\"lazy\" decoding=\"async\" width=\"637\" height=\"832\" src=\"https:\/\/www.ing3.at\/wp-content\/uploads\/Reinhard_orange_637_833.jpg\" class=\"vc_single_image-img attachment-full\" alt=\"\" srcset=\"https:\/\/www.ing3.at\/wp-content\/uploads\/Reinhard_orange_637_833.jpg 637w, https:\/\/www.ing3.at\/wp-content\/uploads\/Reinhard_orange_637_833-230x300.jpg 230w\" sizes=\"(max-width: 637px) 100vw, 637px\" \/><\/div>\n\t\t<\/div>\n\t<\/div>\n<\/div><\/div><\/div><\/div><\/div><\/div>\n","protected":false},"excerpt":{"rendered":"Der Analytiker Ich bin ausgebildeter Elektrotechnik-Ingenieur und habe sogar den ersten Studienabschnitt der TU Wien absolviert. WU w\u00e4re passender gewesen \u2026 Bald nach meinen ersten...<p class=\"readmore\"><a class=\"more-btn\" href=\"https:\/\/www.ing3.at\/?page_id=769\">Read More<\/a><\/p>","protected":false},"author":1,"featured_media":0,"parent":0,"menu_order":0,"comment_status":"closed","ping_status":"closed","template":"","meta":{"footnotes":""},"_links":{"self":[{"href":"https:\/\/www.ing3.at\/index.php?rest_route=\/wp\/v2\/pages\/769"}],"collection":[{"href":"https:\/\/www.ing3.at\/index.php?rest_route=\/wp\/v2\/pages"}],"about":[{"href":"https:\/\/www.ing3.at\/index.php?rest_route=\/wp\/v2\/types\/page"}],"author":[{"embeddable":true,"href":"https:\/\/www.ing3.at\/index.php?rest_route=\/wp\/v2\/users\/1"}],"replies":[{"embeddable":true,"href":"https:\/\/www.ing3.at\/index.php?rest_route=%2Fwp%2Fv2%2Fcomments&post=769"}],"version-history":[{"count":11,"href":"https:\/\/www.ing3.at\/index.php?rest_route=\/wp\/v2\/pages\/769\/revisions"}],"predecessor-version":[{"id":883,"href":"https:\/\/www.ing3.at\/index.php?rest_route=\/wp\/v2\/pages\/769\/revisions\/883"}],"wp:attachment":[{"href":"https:\/\/www.ing3.at\/index.php?rest_route=%2Fwp%2Fv2%2Fmedia&parent=769"}],"curies":[{"name":"wp","href":"https:\/\/api.w.org\/{rel}","templated":true}]}}

<div class="vc_row wpb_row vc_row-fluid" ><div class="wpb_column vc_column_container vc_col-sm-12"><div class="wpb_wrapper"><div class="vc_row wpb_row vc_inner vc_row-fluid"><div class="wpb_column vc_column_container vc_col-sm-8 wow fadeInLeft" data-wow-delay="0.5s"><div class="wpb_wrapper"><h2 style="font-size: 25px;color: #e24200;text-align: left;font-family:Montserrat;font-weight:700;font-style:normal" class="vc_custom_heading">Der Analytiker</h2>
	<div class="wpb_text_column wpb_content_element ">
		<div class="wpb_wrapper">
			<p>Ich bin ausgebildeter Elektrotechnik-Ingenieur und habe sogar den ersten Studienabschnitt der TU Wien absolviert. WU wäre passender gewesen … Bald nach meinen ersten beruflichen Erfahrungen bei Commodore Österreich (Ja, lang ist´s her!) im Service &amp; Support habe ich als Controller in den kaufmännischen Bereich gewechselt, u.a. bei Nokia Austria. Es folgte die Selbständigkeit im Großhandel in der Telekom- &amp; Unterhaltungselektronik, wobei auch dort mein Aufgabengebiet das Finanz- und Rechnungswesen war. Bald zog ich mich in eine Familiengesellschaft zurück, wo ich in der Beratung für Rechnungswesen, Controlling und Buchhaltung, der EDV-Programmierung und der strategischen Begleitung von Unternehmen &#8211; vor allem auch im Falle von Gründungen und Sanierungen &#8211; tätig bin. Meine Kompetenz sehe ich im analytischen Lösen von Problemen und Aufgaben sowie der übergreifenden Erfahrung in (fast) allen Bereichen der Unternehmensstrukturen.<br />
Meine Motivation liegt in der Weitergabe meines Wissens an Gründer und im Aufbrechen von falsch eingefahrenen Strukturen in bestehenden Unternehmen.</p>

		</div>
	</div>
</div></div><div class="wpb_column vc_column_container vc_col-sm-4 wow fadeInRight" data-wow-delay="1s"><div class="wpb_wrapper">
	<div class="wpb_single_image wpb_content_element vc_align_left">
		<div class="wpb_wrapper">
			
			<div class="vc_single_image-wrapper   vc_box_border_grey"><img loading="lazy" decoding="async" width="637" height="832" src="https://www.ing3.at/wp-content/uploads/Reinhard_orange_637_833.jpg" class="vc_single_image-img attachment-full" alt="" srcset="https://www.ing3.at/wp-content/uploads/Reinhard_orange_637_833.jpg 637w, https://www.ing3.at/wp-content/uploads/Reinhard_orange_637_833-230x300.jpg 230w" sizes="(max-width: 637px) 100vw, 637px" /></div>
		</div>
	</div>
</div></div></div></div></div></div>

Der Analytiker Ich bin ausgebildeter Elektrotechnik-Ingenieur und habe sogar den ersten Studienabschnitt der TU Wien absolviert. WU wäre passender gewesen … Bald nach meinen ersten...<p class="readmore"><a class="more-btn" href="https://www.ing3.at/?page_id=769">Read More</a></p>
